factor of 225 and c?
9
Suppose 4*r - 72 = 520. Suppose -5*v = -132 - r. Let k(g) = -g**3 - 11*g**2 - 19*g - 1. Let l be k(-9). What is the highest common divisor of l and v?
8
Suppose 128 = 3*q + 2*p, -4*q + 5*q = 4*p + 24. Suppose 120 = 15*a - 9*a. What is the greatest common divisor of a and q?
20
Suppose 0 = 5*u + 5*s - 260, 4*u - 2*s - 143 = 41. Suppose 4*o - 115 = -2*p + 141, 2*o + 472 = 4*p. Calculate the greatest common factor of u and p.
24
Let n be (-3 - -2)/((9/152)/(-9)). What is the greatest common divisor of n and 456?
152
Let v(m) = 2*m**2 - 14*m - 12. Let d be v(9). Calculate the greatest common factor of 84 and d.
12
Suppose -6*b + 92 = -394. Calculate the greatest common divisor of 225 and b.
9
Suppose 56 = 5*i - i. Let d = 10 + -9. Let a be d/(-2 - -3) + 41. Calculate the greatest common factor of a and i.
14
Let j be (-4)/(3/1 + 28/(-7)). Calculate the highest common divisor of 12 and j.
4
Let v = 617 - 383. Let t be 52/(-3)*(-33)/22. Calculate the highest common divisor of v and t.
26
Let y = -32 - -15. Let m = 30 + -9. Let z = y + m. What is the highest common factor of z and 44?
4
Let z = 21 - -205. Let d be (-1 + (-169)/4)*-4. Suppose -z = -3*u + d. What is the highest common factor of 19 and u?
19
Let l = -535 + 556. Calculate the highest common divisor of l and 301.
7
Suppose -68 = -2*g - 5*h + 3, -5*g + 4*h = -95. Suppose 16419 - 3769 = 50*j. What is the greatest common divisor of j and g?
23
Let w be (-650)/(-15)*78/4. What is the greatest common divisor of w and 130?
65
Suppose b + 13 = 5*v, -2*b - 3 = 2*v - 1. Let q be v - (-5 - 0) - -2. Let x = 61 - 25. Calculate the greatest common factor of x and q.
9
Let k(v) = -3*v - 9. Let w be k(-7). Let z(b) = -2*b**2 + 11*b - 5. Let i be z(5). Suppose n - w = -i. Calculate the greatest common divisor of n and 132.
12
Suppose -21 = -5*n + 2*t, -n - n + t = -9. Let i(y) = -y**2 + 3*y + 9. Let v be i(n). Calculate the highest common divisor of v and 81.
9
Let p(d) = -d**3 - 7 - 3*d + 2*d + 20*d**2 - 30*d**2. Let m be p(-10). Suppose 255 = m*r + 2*r. Calculate the highest common divisor of r and 17.
17
Let f be ((-6)/(-5))/((-16)/120*-3). Calculate the highest common factor of 20 and f.
1
Suppose -3*u + 142 = 3*r - u, 5*r - 4*u - 266 = 0. Let q be (4 - 3)*(3 - 3). Suppose q = -p + r + 54. What is the highest common divisor of 13 and p?
13
Suppose 3*v + 2*v = 25. Suppose -v*q + 669 = 64. Suppose -284 = -5*l + 3*x + 307, 0 = l - 2*x - q. What is the greatest common divisor of 13 and l?
13
Suppose 5*f = -25, 11*r - 545 = 6*r + 3*f. What is the highest common factor of r and 53?
53
Let y be 25/(-5)*-4 - (-2 + -2). Let a = -28 + 34. Calculate the highest common factor of a and y.
6
Let k be (-2 - (3 - 3))/(1/(-2)). Suppose -a + k*a + 4*t - 24 = 0, -3 = -3*a + 3*t. Calculate the highest common divisor of a and 20.
4
Let x = -906 + 931. Suppose -2*w = 2*y - 442, -3*y - 2 - 10 = 0. What is the highest common factor of w and x?
25
Let d be (1 - -7)/((-4)/(-22)). Let k be 5 - (-17*1)/(11 + -12). Let n = d + k. What is the highest common factor of n and 8?
8
Suppose b - 146 = -0*q - q, 2*q - 284 = 2*b. Calculate the highest common factor of q and 54.
18
Suppose v - 17 = -4*p - 0, 3*p + 56 = 2*v. Let y = v - 20. Suppose 120 = -t + y*t. Calculate the highest common factor of 150 and t.
30
Suppose 7*o - 3973 = 2*o + 4*s, -2*s = 4. Calculate the greatest common factor of 13 and o.
13
Let p(r) = 6*r - 6. Let x(l) = l + 17. Let z be x(-13). Let i be p(z). What is the highest common factor of i and 144?
18
Suppose 0 = 32*x - 3*x - 92800. Calculate the greatest common divisor of x and 128.
128
Let w(j) = -j**2 + 44*j - 93. Let h be w(41). What is the highest common divisor of 260 and h?
10
Let u(w) = -12*w**3 + 3*w**2 + 6*w + 3. Let l be u(-2). Let m = l + -97. Calculate the highest common factor of m and 46.
2
Suppose 5*p + 35 = 285. Suppose 4*u - 2*k - p = 0, 3*u - 2*k = -k + 40. Calculate the highest common factor of 10 and u.
5
Suppose -4*m = 0, -6*c + 3*m + 195 = -c. Suppose -3*k - 12 = -5*s, 3 = k + s + 7. Let q be (-4 + 30)/(k + 5). Calculate the greatest common factor of c and q.
13
Let q(s) be the first derivative of -s**4/4 + 17*s**3/3 + 10*s**2 - 34*s + 21. Let b be q(18). Calculate the greatest common factor of b and 3.
1
Suppose 585*s = 588*s - 1053. Calculate the greatest common factor of s and 13.
13
Suppose t = w - 1382, 9*t + 2761 = 2*w + 6*t. What is the greatest common factor of w and 5?
5
Let v be (-8190)/(-624) + 2/(-16). What is the greatest common divisor of 91 and v?
13
Let i = 4 + -10. Let v(k) = k**3 + 5*k**2 - 5*k + 8. Let u be v(i). Let z be 24/((-23)/(-10) - u). Calculate the greatest common divisor of z and 10.
10
Let f(r) = 5*r - 7. Let s be f(5). Suppose v - 5*v = -2*o + 316, -v + 812 = 5*o. What is the highest common factor of o and s?
18
Let s be (4/6)/1*(-360)/(-2). Suppose s + 130 = 5*x. What is the greatest common factor of 20 and x?
10
Let m be (-1)/(4 + (-36)/8). Suppose 11*i = 4*i + 112. What is the highest common divisor of m and i?
2
Suppose 0 = 21*b - 35 - 91. Calculate the highest common divisor of 105 and b.
3
Suppose -q - 420 = -5*p, 27*p - 24*p - 252 = -3*q. What is the greatest common divisor of 98 and p?
14
Suppose -1809 = -4*d + 3*r, -2*r + 827 = 4*d - 967. Calculate the highest common factor of d and 18.
18
Let i(c) = 8*c**2 + 14*c + 30. Let h be i(-2). What is the highest common divisor of h and 51?
17
Suppose -5*y = -53 - 17. Calculate the highest common divisor of y and 119.
7
Suppose -5*x = -2*x - 42. Let d = -7 + x. Suppose 4*v - d - 53 = 0. What is the highest common divisor of 5 and v?
5
Let l(u) = -u**3 + u**2 - u + 7. Let h be l(0). Let r be (-1)/h + 502/(-14). Let d = -14 - r. Calculate the greatest common factor of 110 and d.
22
Suppose -25*x + 23*x + 762 = -2*m, m - 389 = -x. Calculate the greatest common divisor of 77 and x.
77
Let f be (-49050)/(-585) + (-2)/(-13). Calculate the highest common divisor of 60 and f.
12
Suppose 0 = 3*t, 819 = 196*l - 193*l + 5*t. What is the highest common divisor of 9 and l?
3
Let p be 3 - -2 - (4 + -7)*1. Let q = 8 + 4. What is the highest common divisor of p and q?
4
Let t = 23 - -24. Let k = -2684 + 3013. What is the highest common factor of k and t?
47
Let c(m) = 15*m + 1. Let k be c(1). Suppose -4*f + 3 = -197. Let h = 74 - f. Calculate the highest common divisor of k and h.
8
Let w = 14 - 10. Let l(a) = -a**3 - 7*a**2 - 3*a + 3. Let v be l(-8). Suppose v = 3*u + m, 4*m + 79 = 2*u + m. Calculate the highest common factor of w and u.
4
Let x = 71 - 56. What is the greatest common factor of x and 165?
15
Suppose -2*s + 46 = -2. Let q be ((-126)/s)/(6/(-8)). Suppose 77 = 2*j + 3*j + v, 0 = j - 4*v - q. Calculate the greatest common divisor of 10 and j.
5
Let n = -757 + 763. Suppose -30 = k - 3*k. Calculate the greatest common divisor of n and k.
3
Let h = 38 - 16. Suppose -32*o + 62 = 2*y - 31*o, -3*y = -2*o - 107. Calculate the highest common divisor of h and y.
11
Let g(d) = 2*d**2 + 13*d + 7. Let c be g(-5). Let q be 40/6*(c - -14). Calculate the highest common factor of q and 16.
8
Let w be (5 - 6) + 16 - 4. Suppose -13*t + w*t + 18 = 0. Suppose 0 = q - 12 - 15. What is the highest common divisor of t and q?
9
Suppose 319 + 149 = 3*h - b, -3*b = 2*h - 301. Let d(l) = l**2 - 2*l + 14. Let t be d(-6). What is the highest common factor of h and t?
31
Let h be ((-10)/4)/(155/(-186))*152. Calculate the greatest common divisor of h and 342.
114
Let z(v) = 3*v**3 + 5*v**2 - 21*v + 39. Let f be z(9). What is the greatest common factor of f and 33?
33
Suppose 485 = 5*p - 5*d - 0*d, -3*p = d - 295. Suppose 0 = -3*f + p + 4. Calculate the greatest common divisor of f and 85.
17
Suppose -4*h + 3*j + 43 = -2*h, 0 = 3*h - 3*j - 60. What is the highest common divisor of h and 119?
17
Suppose 7*z = -d + 8*z + 1818, -2*z = 0. What is the highest common factor of 18 and d?
18
Let r be (-2)/4 - (-33)/(-6). Let s be -8*3/r - -12. Calculate the highest common factor of 8 and s.
8
Let n = 97 - 104. Let w be (-142)/n + (-16)/56. Let u = 5 - 0. Calculate the greatest common divisor of u and w.
5
Let h be (-1 - 3) + 46 + -30. Calculate the greatest common factor of 150 and h.
6
Let m be 128/9 - 18/81. Let w(o) = 2